is u(0)?
31
Let s(i) = -i**2 - 8*i - 5. What is s(-6)?
7
Let o(a) = a**2 + 2*a + 12. What is o(-7)?
47
Let c(h) = -h**3 + 3*h**2 + 7*h - 16. Give c(4).
-4
Let d(x) = -x - 4. Determine d(4).
-8
Let n(f) = f**2 + 13*f + 5. What is n(-12)?
-7
Let x(m) = 2*m + 18. Give x(0).
18
Let g(j) = j - 10. What is g(9)?
-1
Let u(i) = 2*i**3 - i**2 + 2*i + 1. Determine u(2).
17
Let k(g) = -g**2 - 6*g + 4. Determine k(-6).
4
Let m(z) = -z**3 + 25*z**2 + 113*z - 16. Give m(-4).
-4
Let s(q) = 2*q**3 - 2*q**2 - 3*q - 1. Determine s(-2).
-19
Let r(t) = t**3 - 2*t. Determine r(3).
21
Let p(u) = -21*u**3 - 3*u**2 - 4*u - 1. What is p(-1)?
21
Let j(h) = h**3 + 13*h**2 + 31*h + 1. Calculate j(-10).
-9
Let d(p) = -8*p - 28. What is d(6)?
-76
Let t(k) = 2*k + 5. Determine t(-6).
-7
Let h(v) = -v**2 - 10*v + 1. What is h(-12)?
-23
Let d(t) = t**3 + 7*t**2 + 5*t + 3. Determine d(-3).
24
Let o(n) = 13*n**2 + 196*n + 21. Give o(-15).
6
Let c(j) = -j**3 - 2*j - 1. What is c(0)?
-1
Let u(l) = -29*l**2 - 203*l + 9. Give u(-7).
9
Let a(p) = -7*p**3 + 2*p**2 + 4*p + 2. Give a(-1).
7
Let q(l) = -2*l - 7. Determine q(0).
-7
Let l(v) = -v**3 - 7*v**2 - 3*v + 4. Calculate l(-6).
-14
Let y(u) = 20*u**2 + 143*u + 17. Calculate y(-7).
-4
Let i(f) = 3*f**2 + 17*f + 8. Give i(-7).
36
Let p(y) = -2*y - 156. What is p(-74)?
-8
Let s(a) = 4*a + 13. What is s(-9)?
-23
Let p(w) = w + 7. Give p(-11).
-4
Let n(j) = -21*j**2 - 2*j - 1. Calculate n(-1).
-20
Let b(y) = y**3 - 3*y**2 - 53*y + 13. Calculate b(-6).
7
Let u(m) = 7*m**2 + 3*m + 4. Determine u(-1).
8
Let r(f) = -f**3 - 13*f**2 - 17*f + 12. Give r(-11).
-43
Let r(o) = o**3 - 6*o**2 + 2*o + 2. Determine r(6).
14
Let o(b) = -b**2 - 20*b - 77. Determine o(-7).
14
Let i(f) = 101*f**3 - f**2 + f + 2. Give i(-1).
-101
Let j(p) = p + 18. Determine j(-4).
14
Let r(p) = -p**2 + 12*p + 7. Calculate r(12).
7
Let a(f) = f**3 + 17*f**2 + f + 2. Give a(-17).
-15
Let h(k) = 36*k - 7. Determine h(0).
-7
Let i(u) = u**3 - 5*u**2 - u - 2. Give i(3).
-23
Let u(f) = 10*f - 14. Calculate u(-5).
-64
Let t(c) = -22*c - 1. Calculate t(1).
-23
Let l(a) = 11*a - 9. What is l(-1)?
-20
Let f(s) = 2*s**2 + s - 4. Calculate f(3).
17
Let n(s) = s**2 - 198. Determine n(0).
-198
Let z(f) = f**2 + 8*f - 2. Calculate z(-8).
-2
Let o(x) = x**3 + 9*x**2 + 3*x - 7. Give o(-8).
33
Let q(a) = 13*a + 72. Determine q(-4).
20
Let o(n) = 14*n - 185. What is o(14)?
11
Let t(v) = -v**3 + 38*v**2 - 2*v + 69. Determine t(38).
-7
Let z(x) = -x**3 - 9*x**2 + 12*x + 28. Calculate z(-10).
8
Let s(i) = -i**2 - 9*i + 2. Determine s(-9).
2
Let b(x) = 2*x**2 + 64*x - 3. Give b(-32).
-3
Let a(t) = t - 4. Give a(6).
2
Let n(w) = w + 22. Determine n(7).
29
Let d(q) = 18*q - 263. Determine d(14).
-11
Let q(l) = -l**3 - 6*l**2 - 2*l - 8. Calculate q(-6).
4
Let n(b) = 2*b**3 - 3*b**2 - 4*b + 5. Determine n(4).
69
Let a(s) = 5*s - 56. Give a(12).
4
Let g(s) = -2*s + 10. Determine g(6).
-2
Let j(f) = f**2 - 133*f + 640. What is j(5)?
0
Let b(d) = -d + 1. Calculate b(10).
-9
Let h(i) = i**3 - 3*i**2 + 6. Determine h(3).
6
Let n(s) = 4*s**2 + 2*s + 2. What is n(-1)?
4
Let g(o) = -o**3 - 8*o**2 - 4. Calculate g(-8).
-4
Let y(u) = -u**2 + 5*u + 7. Give y(5).
7
Let n(h) = 8*h + 50. Calculate n(-7).
-6
Let a(y) = 13*y**2 - 27*y + 3. What is a(2)?
1
Let k(y) = -y**2 + 17*y - 32. Determine k(13).
20
Let r(x) = -13*x - 168. Calculate r(-13).
1
Let p(s) = -2*s**3 + 8*s**2 - 2*s + 4. What is p(4)?
-4
Let v(g) = -g**2 + 18*g + 17. Calculate v(19).
-2
Let l(b) = 10*b**2 - b. Give l(-1).
11
Let u(x) = -6*x**3 + x**2 - 1. What is u(-2)?
51
Let q(o) = -o**3 - 6*o**2 + 10*o - 1. What is q(-8)?
47
Let z(g) = g**2 - 7*g - 5. Calculate z(7).
-5
Let z(w) = 2*w**2 - 21*w - 2. Give z(10).
-12
Let l(s) = -3*s**3 + s**2 + 2. What is l(2)?
-18
Let k(g) = 30*g**2 - 9*g - 3. Give k(-2).
135
Let i(t) = -3*t - 16. Give i(-8).
8
Let z(j) = -3*j + 7. Give z(-5).
22
Let a(n) = 2*n**2 - 7*n + 2. What is a(3)?
-1
Let l(c) = c**2 + 5*c + 11. Determine l(-6).
17
Let d(i) = -i**2 - 4*i + 14. Determine d(6).
-46
Let b(t) = -t**3 - 31*t**2 - 32*t - 60. Give b(-30).
0
Let x(o) = -o**2 + 5*o + 13. Calculate x(10).
-37
Let u(k) = -2*k**3 + 14*k**2 + 5*k - 3. Calculate u(7).
32
Let f(u) = 15*u + 83. Calculate f(-6).
-7
Let d(j) = -5*j - 10. Calculate d(-7).
25
Let d(q) = -q**2 + 2*q + 3. Calculate d(-2).
-5
Let d(i) = 5*i - 61. What is d(12)?
-1
Let q(d) = 2*d**2 - 14*d - 3. What is q(7)?
-3
Let n(v) = 3*v**3 - 2*v**2 - 3*v + 3. Calculate n(2).
13
Let o(j) = -j**3 + 25*j**2 + 52*j - 682. What is o(26)?
-6
Let p(w) = w**3 - 10*w**2 + 6*w + 20. Calculate p(9).
-7
Let d(a) = -4*a + 9. Calculate d(3).
-3
Let k(h) = -h**3 - 6*h**2 - 7*h - 13. Determine k(-4).
-17
Let k(z) = 4*z**2 + 28*z - 5. What is k(-7)?
-5
Let v(t) = -t**2 - 13*t + 119. Give v(6).
5
Let j(b) = 3*b**2 - 20*b - 9. Calculate j(7).
-2
Let y(l) = -l - 26. Calculate y(-32).
6
Let n(c) = -c**2 + 27*c - 53. What is n(26)?
-27
Let z(u) = -u**3 - 8*u**2 - 10*u - 9. What is z(-7)?
12
Let s(z) = 2*z**2 + 2*z + 26. Give s(-5).
66
Let v(a) = 2*a**3 + 9*a**2 - 14*a + 13. Give v(-6).
-11
Let s(v) = -v**2 + 25. Give s(-6).
-11
Let s(t) = 13*t + 2. What is s(3)?
41
Let n(b) = 8*b**2 - 64*b - 2. Calculate n(8).
-2
Let z(s) = 13*s + 503. Give z(-38).
9
Let g(r) = -2*r - 25. Give g(-12).
-1
Let j(w) = -17*w - 1. Determine j(-2).
33
Let c(a) = a + 4. Calculate c(-10).
-6
Let y(r) = r**3 - 8*r**2 + 3*r + 10. Determine y(7).
-18
Let c(f) = f**3 + 7*f**2 - 17*f - 6. Determine c(-9).
-15
Let y(a) = -a**2 + 12*a + 9. What is y(9)?
36
Let v(o) = o**2 - 13*o + 45. What is v(5)?
5
Let y(o) = 3*o**3 - 181*o**2 + 61*o - 67. Determine y(60).
-7
Let l(s) = -s**3 + 5*s**2 - 4*s + 3. Determine l(3).
9
Let n(j) = -j**2 - 17*j - 9. Calculate n(-12).
51
Let p(b) = b**3 + 7*b**2 + 9*b. Determine p(-4).
12
Let z(j) = j**3 + 6*j**2 + j - 7. What is z(-6)?
-13
Let b(a) = 6*a + 185. Determine b(-30).
5
Let z(p) = -8*p + 8. Calculate z(-11).
96
Let b(m) = m**2 - 7*m + 16. Calculate b(6).
10
Let l(s) = -9*s + 4. Give l(-4).
40
Let t(d) = 12*d + 7. Give t(-4).
-41
Let g(h) = h - 51. Give g(16).
-35
Let v(c) = 3*c - 22. What is v(9)?
5
Let n(j) = -j**3 + 5*j**2 - 3*j + 2. Calculate n(3).
11
Let k(o) = -o**2 + 10*o - 10. Determine k(9).
-1
Let j(x) = 2*x - 24. Give j(17).
10
Let d(j) = 5*j + 13. Determine d(-10).
-37
Let v(i) = i**2 - 6*i + 3. Give v(4).
-5
Let p(i) = -3*i**2 - 31*i + 12. What is p(-10)?
22
Let d(i) = -6*i**3 - i**2 + 2*i. What is d(-1)?
3
Let c(t) = -t**3 - 9*t**2 + 5*t + 39. What is c(-9)?
-6
Let a(c) = -19*c**3 - c**2 + 3*c - 1. Give a(1).
-18
Let i(u) = 18*u - 66. Determine i(4).
6
Let r(q) = -q**2 - 9*q. Give r(-9).
0
Let y(m) = m**2 - 39*m + 208. What is y(6)?
10
Let g(u) = u**3 - 8*u**2 - 4*u + 30. Give g(8).
-2
Let l(b) = -b**2 + 2*b. What is l(1)?
1
Let s(k) = k**3 + 8*k**2 + 2*k + 7. Calculate s(-6).
67
Let w(m) = -2*m + 13. Determine w(0).
13
Let f(i) = -i + 18. Calculate f(21).
-3
Let a(l) = l**3 + 10*l**2 + 11*l + 5. What is a(-6)?
83
Let m(v) = -v**3 + 2*v**2 - 13*v + 47. Determine m(4).
-37
Let f(b) = b**2 + 4*b - 6. Give f(-5).
-1
Let f(n) = -25*n - 68. Calculate f(-7).
107
Let h(m) = -2*m**2 - m + 10. Give h(0).
10
Let q(t) = -t**3 - t**2 - 2*t + 15. Give q(0).
15
Let x(b) = -b + 1. Determine x(-13).
14
Let l(b) = -b**2 + 2*b + 151. Give l(12).
31
Let v(x) = -7*x + 14. Determine v(-6).
56
Let f(c) = -3*c + 4. What is f(-5)?
19
Let k(n) = 3*n + 61. Determine k(-21).
-2
Let y(n) = -n**2 - 7*n + 166. Give y(10).
-4
Let y(u) = u**3 + 9*u**2 + 6*u - 33. Calculate y(-8).
-17
Let l(g) = -g**2 - 9*g + 28. What is l(-13)?
-24
Let d(z) = -2*z**3 - 3*z**2 + 6*z + 10. Calculate d(-4).
66
Let c(o) = -3*o**2 + 20*o - 2. What is c(7)?
-9
Let i(t) = -t**3 - 5*t**2 - t - 3. Calculate i(-5).
2
Let p(l) = -l - 3. Determine p(-10).
7
Let b(r) = r**3 - 6*r**2 + 9*r - 14. Calculate b(5).
6
Let j(g) = 2*g**2 + 76*g + 89. What is j(-36)?
-55
Let r(i) = 16*i + 291. Calculate r(-18).
3
Let k(l) = -2*l**2 + 5*l - 1. Give k(4).
-13
Let b(h) = 3*h**2 + 5*h + 7. Determine b(-3).
19
Let l(j) = 2*j + 3. What is l(7)?
17
Let d(t) = t**2 - 15*t - 8. Give d(15).
-8
Let o(x) = x**2 - x - 4. Give o(-5).
26
Let w(p) = 2*p**3 - 7*p**2 + 4*p + 7. Determine w(3).
10
Let p(h) = -h**2 + 11*h - 39. What is p(7)?
-11
Let k(p) = p*